inder when o is divided by 39?
9
Let i(w) = 2*w**3 - 5*w**2 - 5*w - 6. Let z = -2781 + 2830. What is the remainder when i(6) is divided by z?
20
Suppose -104*y + 226 + 214 = -93*y. What is the remainder when 335 is divided by y?
15
Suppose 2*z - 4*a = 4754, -2365 = 14*z - 15*z + 5*a. Suppose -z + 192 = -43*x. Calculate the remainder when x is divided by 15.
6
Suppose 6845 = -55*u - 10975. Let l = -154 - u. Calculate the remainder when l is divided by 91.
79
Let q be 2 + (-2339)/(-4) - (-12)/(-16). Let k(o) = 26*o**2 - 1. Calculate the remainder when 4/(-16) - q*(-3)/24 is divided by k(1).
23
Let n(l) = 31*l**2 + 54*l + 88. What is the remainder when 6348 is divided by n(-9)?
9
Suppose -11*b = 14*f - 15*f + 74, 3*f + 2*b - 152 = 0. What is the remainder when 343 is divided by f?
31
Suppose -4*x - 11*y + 6*y + 193 = 0, 3*y = x - 78. What is the remainder when 65 is divided by x?
8
Let j(h) = -h**2 + 46*h - 158. Calculate the remainder when j(21) is divided by 30.
7
Let v = 11 + 0. Suppose 38 - 6 = -4*y + 3*g, -y = -4*g + 8. Calculate the remainder when (-1)/y + (-5695)/(-136) is divided by v.
9
Suppose -2552 = -5*n + 2*y, -1527 = -3*n - 0*y - 3*y. Let w = -343 + n. What is the remainder when w is divided by 45?
32
Suppose -11*y - 14 = 19. Let d be ((-1)/y)/((-13)/(-117)). Suppose -z + 3*v = -19, 2*z + d*z = -5*v + 115. What is the remainder when z is divided by 4?
2
Let x(i) = i**3 - 5*i**2 + 7*i - 7. Suppose 0 = -9*u + 9 + 27. What is the remainder when 0 + 2 + 6 + 1 is divided by x(u)?
4
Let o be (-1 + 2)*-4 - -10. Suppose 7*c - 8*c + o = 0. Calculate the remainder when 3 + (c/(-2) - -99) is divided by 21.
15
Let o = 15087 - 14709. Let z(s) = -s**3 - 4*s**2 + 5*s - 4. Calculate the remainder when o is divided by z(-6).
36
Let u(w) = -24*w + 113. What is the remainder when u(-3) is divided by 110?
75
Suppose -5*t + 385 = j - 396, 3*t = -5*j + 3905. Suppose -2*g = 9*g - j. Calculate the remainder when 494 is divided by g.
68
Suppose 6*f - 3*f = 123. Let r = 176 - 108. Suppose 3*x + t = 41, 0 = 5*x - 2*t + 4*t - r. Calculate the remainder when f is divided by x.
13
Suppose 0 = 6*p - 2*p - 412. Let k = 1802 + -1599. What is the remainder when k is divided by p?
100
Let c = -38 + 53. Suppose -1888 = -2*f - j - 444, 2*f = 2*j + 1426. Calculate the remainder when f is divided by c.
14
Let w(d) = 2*d**2 - 8*d - 32. What is the remainder when 1013 is divided by w(8)?
21
Suppose -4*h + 150 = -z - 346, 3*z - 137 = -h. What is the remainder when 236 is divided by h?
111
Let k = 12512 - 8608. What is the remainder when k is divided by 186?
184
Let o(d) = d**3 + 16*d**2 - 6*d + 15. Let b(u) = -u**3 - 12*u**2 - 31*u + 12. Let t be b(-7). Calculate the remainder when o(t) is divided by 34.
9
Let v(u) = u**3 - 12*u**2 + 13*u - 20. Let i be v(11). Let q(g) = 0*g + 5 + g**3 - 2*g - i + g**2 + g**2. What is the remainder when 59 is divided by q(2)?
14
Let n be 2/(3/((-18)/(-28)) - 4). Suppose 471 = n*h - 276. Let l = h - 88. Calculate the remainder when l is divided by 41.
38
Let h(o) = o**3 + 17*o**2 - 84*o + 22. Suppose c + 7 = 2*c. Calculate the remainder when h(-21) is divided by c.
1
Suppose 3*h - 756 = -m, -156 = 3*h - 3*m - 924. Suppose 0 = -27*i + 31*i + p - h, 2*p = 5*i - 300. What is the remainder when i is divided by 21?
20
Let f = -557 + 738. Calculate the remainder when 1805 is divided by f.
176
Calculate the remainder when 4211 is divided by -1 + 1356/34 - ((-220)/(-374))/(-5).
38
Let i(n) = n**3 + 6*n**2 - 7*n - 8. Let c be i(-7). What is the remainder when 89 is divided by (6/(-3))/(4/c)?
1
Suppose 0 = 15*r + 20*r + 5215. Let x = r + 386. What is the remainder when x is divided by 24?
21
Calculate the remainder when 613 is divided by 61/((657/146)/(9/2)).
3
Let f(s) = 5 - 8*s**2 + 9*s + 14*s**3 + 2 - 8*s**3 - 7*s**3. Let q(b) = b**2 - 11*b + 61. Calculate the remainder when q(7) is divided by f(-9).
5
Suppose 0*v - 6*v - 66 = 0. Let m = -11 - v. Suppose n + 0*n - 10 = m. What is the remainder when 16 is divided by n?
6
Let j be 1*(-3)/1 - 32. What is the remainder when j/4*(-88)/11 is divided by 12?
10
Let f(w) be the third derivative of -2*w**5/15 - w**4/3 + w**3/6 + w**2. Suppose 3*y + 3*y = 138 - 144. Calculate the remainder when 10 is divided by f(y).
0
Let b = 1288 + -1118. Calculate the remainder when b is divided by 44.
38
Let z(s) = 19*s - 100. Let c(b) = 10*b - 51. Let k(q) = -5*c(q) + 3*z(q). Calculate the remainder when k(19) is divided by 19.
12
Let b(w) = -w**3 + 11*w**2 - 158*w + 1523. What is the remainder when 345 is divided by b(10)?
1
Let b = 29 - -5. Suppose -14*y = -16*y + b. What is the remainder when (-585)/(-12) - 3/4 is divided by y?
14
Suppose -15*r - 2140 - 335 = 0. Let s = r + 180. Calculate the remainder when 103 is divided by s.
13
Let j be (-276)/(-16) + (-2)/8. Let h = j - 1. Suppose -142 = -5*x + 8. What is the remainder when x is divided by h?
14
Let j = 29 - 23. Let h(k) = -k**3 + 7*k**2 - 6*k + 14. Calculate the remainder when -22*5*(-2)/4 is divided by h(j).
13
Let m(r) = -r**3 - 21*r**2 - 53*r - 140. What is the remainder when 1151 is divided by m(-19)?
136
Suppose -78 = -13*q - 234. Calculate the remainder when (1 - 27/q)/(2/120) is divided by 33.
30
Calculate the remainder when ((-241)/(-1205))/((-1)/(-8975)) is divided by 566.
97
Suppose 86*d = 87*d + 2*v - 86, -d = -2*v - 90. Calculate the remainder when 3181 is divided by d.
13
Let i be (2/(-6))/(-1*(-2)/(-750)). Suppose 3*x + 119 = i. Suppose 83 = -m + x*m. What is the remainder when m is divided by 17?
15
Let u(q) = -q**3 + 30*q**2 - 28*q - 17. Let d be u(29). Calculate the remainder when (660/(-36))/((2 - 4)/d) is divided by 33.
11
Let s = -167 - -196. Let n = 198 + -120. What is the remainder when n is divided by s?
20
Suppose 0 = -15*a + 411 - 81. Calculate the remainder when 1229 is divided by a.
19
Let u(l) = -l**2 + 13*l + 1. Suppose 2*m - 24 = -0*m - q, 0 = 3*m - 3*q - 45. Let f be u(m). Calculate the remainder when 63 + f*(-6)/2 is divided by 31.
29
Let k be 3 - ((-31)/6 - (-1)/6). Suppose -k = h - 3*h. Calculate the remainder when 163 is divided by 570/14 + h/14.
40
Suppose 103*t = 102*t - 192. Let f = 260 + t. What is the remainder when f is divided by 19?
11
Suppose -2*m + 5*i + 45 = -m, 3*m = 2*i + 135. Let l = -1843 - -2066. Calculate the remainder when l is divided by m.
43
Suppose -18*u + 20*u = -8. Calculate the remainder when 173 is divided by 136/14 + 300/70 + u.
3
What is the remainder when 5 + (11402/(-5))/(1/35*-7) is divided by 10?
7
Suppose -2984 = 189*v - 12849 - 9413. What is the remainder when 837 is divided by v?
21
Suppose -41*h = -2*i - 39*h + 508, 2*i - 3*h = 506. What is the remainder when 266 is divided by i?
10
Suppose 0 = 5*g + 5*f - 115, f - 17 = -g + 2*f. Let i = -6981 - -7078. Calculate the remainder when i is divided by g.
17
Let h(o) = -50*o - 1718. What is the remainder when 2946 is divided by h(-36)?
76
Suppose p + 134 = 4*k, -41*p = -36*p + 30. Calculate the remainder when 7035 is divided by k.
27
Suppose -5*k + 1200 = -5*f, -5*k - 24*f + 1189 = -18*f. What is the remainder when 958 is divided by k?
2
Suppose -5*m = -4*o - 503, m + 524 = 6*m + 3*o. Let p = -165 - -191. Calculate the remainder when m is divided by p.
25
Let d = 6160 + -6125. Calculate the remainder when 4861 is divided by d.
31
Suppose 0 = -49*x - 137*x - 18*x + 189516. What is the remainder when x is divided by 10?
9
Let y(m) = 4*m**2 + 17*m - 25. Let k be (40/32 + (-14)/4)*4. Calculate the remainder when y(k) is divided by 25.
21
Let v(r) = -48*r - 122. Suppose 3*y = l - y - 36, 4*l - 184 = -4*y. What is the remainder when v(-4) is divided by l?
26
Let n(o) = -o**2 + 19*o + 15. Suppose 176 = 4*d - 4*u, u - 5 = 5*d - 221. What is the remainder when n(14) is divided by d?
42
Suppose 3*i = -5*v + 1, -6*i + 11*i - 3*v = 13. Suppose z - w - 19 - 47 = 0, i*z - 137 = 3*w. What is the remainder when z is divided by 8?
5
Let u(b) be the second derivative of 5/6*b**3 + 1/2*b**4 + 0 + 3*b**2 + 1/20*b**5 - 9*b. Calculate the remainder when u(-3) is divided by 10.
8
Let d = 7 - -4. Let u(x) = -200*x**2 + 10*x - 8. Let p be u(1). Let k = -191 - p. Calculate the remainder when d is divided by k.
4
Let z = 1 - -1. Suppose -2*v + 88 = z*v. Calculate the rem